e greatest common factor of 119 and 210273.
119
Calculate the highest common factor of 19420 and 16640.
20
What is the highest common factor of 78246 and 84?
42
Calculate the greatest common factor of 46065 and 6640.
415
Calculate the greatest common factor of 157557 and 174.
87
What is the greatest common divisor of 126550 and 450?
50
Calculate the greatest common divisor of 2673 and 432.
27
What is the greatest common factor of 4477 and 107041?
407
Calculate the highest common factor of 10956 and 1320.
132
What is the greatest common factor of 384 and 157952?
128
Calculate the greatest common factor of 849 and 50374.
283
What is the highest common factor of 129 and 6966?
129
Calculate the highest common divisor of 6362 and 38.
2
Calculate the greatest common divisor of 1287 and 3575.
143
Calculate the greatest common divisor of 435467 and 359.
359
Calculate the highest common factor of 11248 and 12236.
76
Calculate the greatest common factor of 46826 and 832.
26
Calculate the highest common factor of 50 and 50650.
50
What is the highest common divisor of 18382 and 42?
14
Calculate the greatest common factor of 25890 and 110.
10
Calculate the greatest common divisor of 8592 and 4656.
48
Calculate the highest common divisor of 119 and 246925.
119
Calculate the greatest common divisor of 683924 and 152.
76
What is the highest common divisor of 5415 and 969?
57
Calculate the greatest common divisor of 1680 and 567.
21
What is the highest common divisor of 165 and 1672605?
165
Calculate the highest common factor of 9617 and 124667.
59
What is the highest common factor of 32 and 7472?
16
What is the highest common divisor of 22540 and 1470?
490
What is the highest common factor of 48 and 1634608?
16
Calculate the greatest common factor of 1995 and 2242.
19
Calculate the greatest common factor of 224 and 148640.
32
What is the highest common divisor of 96 and 2412192?
96
What is the highest common factor of 91648 and 156088?
1432
What is the greatest common divisor of 1728 and 1536?
192
What is the highest common factor of 4870728 and 1098?
1098
Calculate the highest common divisor of 54 and 35766.
18
Calculate the highest common factor of 552 and 40872.
24
What is the greatest common factor of 68225 and 75?
25
Calculate the highest common divisor of 1133 and 217767.
11
What is the greatest common divisor of 3055577 and 217?
217
Calculate the greatest common factor of 93 and 30543.
3
What is the greatest common factor of 172 and 958556?
172
Calculate the greatest common divisor of 41565 and 75.
15
Calculate the highest common factor of 42160 and 1550.
310
What is the greatest common factor of 1305 and 30375?
45
Calculate the highest common factor of 234300 and 1500.
300
What is the highest common factor of 330834 and 168?
42
What is the greatest common divisor of 25 and 390700?
25
What is the highest common divisor of 29323 and 9499?
413
What is the highest common factor of 1281 and 75894?
21
What is the greatest common divisor of 3266 and 1150?
46
Calculate the greatest common divisor of 11 and 3753959.
11
Calculate the greatest common factor of 30210 and 318.
318
Calculate the greatest common divisor of 1038 and 138.
6
Calculate the greatest common factor of 13215 and 1725.
15
Calculate the greatest common divisor of 346662 and 36.
18
What is the greatest common factor of 372 and 6192?
12
What is the highest common factor of 1730584 and 1?
1
Calculate the greatest common factor of 80 and 11920.
80
What is the greatest common factor of 506 and 293894?
46
Calculate the greatest common divisor of 172 and 1248462.
86
Calculate the greatest common divisor of 1197 and 248064.
57
Calculate the highest common factor of 148349 and 2943.
109
Calculate the highest common factor of 31666 and 852.
142
Calculate the greatest common divisor of 31997 and 12407.
653
Calculate the greatest common divisor of 1862 and 1041257.
133
What is the greatest common divisor of 507737 and 19?
19
Calculate the highest common divisor of 1834798 and 1579.
1579
What is the highest common factor of 259770 and 420?
210
Calculate the greatest common factor of 25533 and 153.
9
Calculate the greatest common factor of 36 and 3802.
2
Calculate the greatest common factor of 23 and 182390.
23
What is the greatest common divisor of 583 and 10252?
11
What is the highest common divisor of 1106 and 71764?
14
What is the highest common factor of 680 and 160905?
85
What is the highest common factor of 20 and 1129355?
5
What is the highest common factor of 114589 and 8436?
703
Calculate the highest common factor of 27150 and 12.
6
What is the highest common divisor of 1526 and 187589?
109
Calculate the greatest common divisor of 141404 and 46.
46
What is the greatest common factor of 928480 and 1120?
1120
What is the highest common divisor of 7685479 and 51?
17
Calculate the highest common divisor of 5060 and 3565.
115
Calculate the greatest common divisor of 4816 and 9184.
112
What is the highest common factor of 43980 and 60?
60
What is the highest common divisor of 3 and 1781?
1
What is the greatest common divisor of 22 and 1078198?
22
What is the greatest common factor of 974 and 355023?
487
Calculate the greatest common divisor of 1120 and 9440.
160
Calculate the greatest common divisor of 1309980 and 84.
84
What is the highest common factor of 7728 and 1168?
16
What is the greatest common divisor of 6624 and 11136?
96
What is the highest common factor of 9164954 and 38?
38
What is the highest common divisor of 12136 and 21016?
296
What is the greatest common factor of 1978397 and 158?
79
Calculate the highest common factor of 52940 and 180.
20
What is the greatest common factor of 444 and 6504?
12
Calculate the highest common factor of 5402 and 10877.
73
Calculate the greatest common factor of 48832 and 6720.
448
What is the greatest common factor of 914733 and 648?
81
What is the greatest common divisor of 432 and 60903?
9
What is the greatest common factor of 1140 and 540?
60
What is the highest common divisor of 13331 and 41?
1
Calculate the highest common divisor of 213 and 96.
3
What is the greatest common divisor of 8 and 20168?
8
Calculate the highest common factor of 470714 and 1184.
74
Calculate the highest common factor of 76764 and 12.
12
What is the greatest common divisor of 80550 and 180?
90
Calculate the highest common divisor of 268 and 8012.
4
What is the highest common factor of 1652680 and 150?
10
Calculate the highest common factor of 396160 and 160.
160
Calculate the greatest common divisor of 25916 and 440.
44
What is the greatest common divisor of 312 and 199446?
78
Calculate the greatest common divisor of 7347 and 248.
31
Calculate the greatest common factor of 5 and 863605.
5
What is the highest common divisor of 189 and 128541?
21
Calculate the highest common factor of 284 and 160.
4
What is the greatest common divisor of 776504 and 232?
232
Calculate the greatest common factor of 103551 and 231.
21
What is the highest common factor of 4191 and 1518?
33
Calculate the greatest common factor of 274669 and 214.
107
Calculate the greatest common divisor of 256672 and 160.
32
What is the greatest common factor of 90 and 110070?
90
What is the greatest common factor of 352 and 79232?
32
Calculate the highest common factor of 959663 and 1556.
389
What is the highest common factor of 3 and 268377?
3
Calculate the highest common divisor of 54 and 3987.
9
Calculate the highest common factor of 50 and 158870.
10
What is the highest common factor of 32988 and 60?
12
Calculate the greatest common divisor of 7512 and 78.
6
What is the greatest common divisor of 179208 and 1634?
38
What is the highest common divisor of 98 and 34328?
14
What is the greatest common factor of 415 and 211069?
83
What is the highest common divisor of 6308 and 5244?
76
Calculate the highest common factor of 140 and 1372.
28
Calculate the highest common divisor of 270 and 20530.
10
Calculate the highest common factor of 65 and 40820.
65
What is the greatest common divisor of 57618 and 4752?
594
What is the highest common factor of 19 and 68818?
19
What is the greatest common factor of 42 and 1030666?
14
What is the highest common divisor of 17408 and 2635?
17
What is the greatest common divisor o